{"id":2,"date":"2026-01-07T17:56:18","date_gmt":"2026-01-07T17:56:18","guid":{"rendered":"https:\/\/unis-sylvainslesmoulins.fr\/?page_id=2"},"modified":"2026-03-30T09:19:59","modified_gmt":"2026-03-30T09:19:59","slug":"sample-page","status":"publish","type":"page","link":"https:\/\/unis-sylvainslesmoulins.fr\/","title":{"rendered":"UNIS SYLVAINS LES MOULINS"},"content":{"rendered":"\n<p class=\"has-text-align-center\">UNIS POUR SYLVAINS LES MOULINS<br><br>\u00c0 l\u2019approche des prochaines \u00e9lections municipales, une nouvelle liste \u00a0ce pr\u00e9sente a vous.<br><br>Cette liste rassemble des citoyens aux profils vari\u00e9s et compl\u00e9mentaires : retrait\u00e9s, entrepreneur du b\u00e2timent, autoentrepreneur, enseignant, travailleurs m\u00e9dico-sociaux, comptable et agriculteur. Une diversit\u00e9 assum\u00e9e, reflet de la population de Sylvains-les-Moulins et de ses r\u00e9alit\u00e9s quotidiennes.<br><br>L\u2019objectif de \u00ab Unis pour Sylvains-les-Moulins \u00bb est clair : proposer des conseillers municipaux avec une belle \u00e9nergie, pr\u00e9sents sur le terrain et \u00e0 l&#8217;\u00e9coute des besoins de la population qui les entoure. Chaque membre de la liste souhaite mettre ses comp\u00e9tences, son exp\u00e9rience et sa connaissance du territoire au service de la collectivit\u00e9.<br><br>Christophe VANDEWALLE &#8211; Caroline PERISSINOTTO<\/p>\n\n\n\n<p class=\"has-text-align-center\">Patrick POULET &#8211; Sandrine HECTOR<\/p>\n\n\n\n<p class=\"has-text-align-center\">Jean-Michel ISAAC &#8211; Annie CHARRON<\/p>\n\n\n\n<p class=\"has-text-align-center\">R\u00e9mi FOUJU &#8211; Angel VOISIN<\/p>\n\n\n\n<p class=\"has-text-align-center\">Pierre-Xavier BROWAEYS &#8211; H\u00e9l\u00e8ne DOUCET<\/p>\n\n\n\n<p class=\"has-text-align-center\">Aur\u00e9lien CHERADAME &#8211; Val\u00e9rie SIMON<\/p>\n\n\n\n<p class=\"has-text-align-center\">Baptiste DESQUESNE &#8211; Marie-Reine REYNAUD<\/p>\n\n\n\n<p class=\"has-text-align-center\">Nicolas CL\u00c9MENT &#8211; Jessica MESSON<\/p>\n\n\n\n<p class=\"has-text-align-center\">Dorian HECTOR &#8211; Jocelyne GRET<\/p>\n\n\n\n<p class=\"has-text-align-center\">Anthony ARCHAMBAULT &#8211; \u00c9lise DESMEULES<\/p>\n\n\n\n<p>Souhaitent s\u2019engager pour votre service.<\/p>\n\n\n\n<p>En ce d\u00e9but d\u2019ann\u00e9e les candidats de &#8220;Unis pour Sylvains-les-Moulins&#8221; vous adressent leurs v\u0153ux de bonheur pour 2026 \u00e0 l\u2019ensemble de leurs voisins, aux employ\u00e9s communaux au personnel \u00e9ducatif,partenaires territoriaux de Sylvains-les-Moulins, avec l\u2019espoir d\u2019une ann\u00e9e riche en \u00e9changes constructifs et solidaires.<\/p>\n\n\n\n<p>Vous pouvez \u00e9galement nous suivre et nous contacter sur les r\u00e9seaux sociaux.<\/p>\n\n\n\n<p>Nous vous annon\u00e7ons d\u00e8s \u00e0 pr\u00e9sent une r\u00e9union publique le 06 et 07 mars 2026 \u00e0 la salle polyvalente de Sylvains L\u00e8s Moulins.<\/p>\n\n\n\n<p>De plus nous viendrons \u00e0 votre rencontre en pr\u00e9sentiel.<\/p>\n\n\n\n<p>Vous retrouverez sur ces supports toutes les r\u00e9ponses \u00e0 vos interrogations afin que vous puissiez faire le bon choix pour SYLVAINS LES MOULINS.<\/p>\n\n\n\n<p>Qr code facebook Qr code Instagram Qr code x<\/p>\n\n\n\n<p><\/p>\n","protected":false},"excerpt":{"rendered":"<p>UNIS POUR SYLVAINS LES MOULINS \u00c0 l\u2019approche des prochaines \u00e9lections municipales, une nouvelle liste \u00a0ce pr\u00e9sente a vous. Cette liste rassemble des citoyens aux profils vari\u00e9s et compl\u00e9mentaires : retrait\u00e9s, entrepreneur du b\u00e2timent, autoentrepreneur, enseignant, travailleurs m\u00e9dico-sociaux, comptable et agriculteur. Une diversit\u00e9 assum\u00e9e, reflet de la population de Sylvains-les-Moulins et de ses r\u00e9alit\u00e9s quotidiennes. L\u2019objectif [&hellip;]<\/p>\n","protected":false},"author":1,"featured_media":0,"parent":0,"menu_order":0,"comment_status":"closed","ping_status":"open","template":"","meta":{"footnotes":""},"class_list":["post-2","page","type-page","status-publish","hentry"],"_links":{"self":[{"href":"https:\/\/unis-sylvainslesmoulins.fr\/index.php?rest_route=\/wp\/v2\/pages\/2","targetHints":{"allow":["GET"]}}],"collection":[{"href":"https:\/\/unis-sylvainslesmoulins.fr\/index.php?rest_route=\/wp\/v2\/pages"}],"about":[{"href":"https:\/\/unis-sylvainslesmoulins.fr\/index.php?rest_route=\/wp\/v2\/types\/page"}],"author":[{"embeddable":true,"href":"https:\/\/unis-sylvainslesmoulins.fr\/index.php?rest_route=\/wp\/v2\/users\/1"}],"replies":[{"embeddable":true,"href":"https:\/\/unis-sylvainslesmoulins.fr\/index.php?rest_route=%2Fwp%2Fv2%2Fcomments&post=2"}],"version-history":[{"count":5,"href":"https:\/\/unis-sylvainslesmoulins.fr\/index.php?rest_route=\/wp\/v2\/pages\/2\/revisions"}],"predecessor-version":[{"id":199,"href":"https:\/\/unis-sylvainslesmoulins.fr\/index.php?rest_route=\/wp\/v2\/pages\/2\/revisions\/199"}],"wp:attachment":[{"href":"https:\/\/unis-sylvainslesmoulins.fr\/index.php?rest_route=%2Fwp%2Fv2%2Fmedia&parent=2"}],"curies":[{"name":"wp","href":"https:\/\/api.w.org\/{rel}","templated":true}]}}